ed by 27.
23
Let z(x) = -238*x**3 - 2*x**2 + 7*x + 8. What is the remainder when z(-1) is divided by 40?
37
Suppose -55*h + 564 = 179. Let s = 9 - -45. Calculate the remainder when s is divided by h.
5
Let j = -70 + 55. What is the remainder when 19 is divided by (-10)/j*(-3)/(1 + -2)?
1
Suppose -4*u = 2*q - 132, -4*q + 225 = -9*u + 4*u. Calculate the remainder when q is divided by 22.
16
Suppose -10*i - 15 = -z - 6*i, 36 = 3*z - 3*i. Let c(p) = -p + 9. What is the remainder when c(-9) is divided by z?
7
Suppose 0 = 4*m - 2*y - 16, 7*y - 3*y - 10 = m. Suppose -150 = -0*l - m*l. Calculate the remainder when 74 is divided by l.
24
Let p(b) = 7*b**2 + b + 28. Calculate the remainder when p(8) is divided by 18.
16
Let o = -2 - -7. Calculate the remainder when 9 is divided by o.
4
Let s = 408 - 253. Suppose 3*u - s = 3*h + 70, 5*h = -4*u + 282. Calculate the remainder when u is divided by 19.
16
Let z be 8/24 - 123/(-9). Suppose 4 = -s - z. Let d = s + 34. Calculate the remainder when 63 is divided by d.
15
Suppose 3627 = 80*i - 41*i. What is the remainder when i is divided by 7?
2
Calculate the remainder when 46 + 1/(-4) + 266/(-56) is divided by 21.
20
Let o be (0 - (-9)/12)*-4 - -49. Suppose -5*l + 451 = v - 2*v, -l + 5*v = -95. Let b = l - o. Calculate the remainder when b is divided by 23.
21
Suppose 2*y - 5*y = 2*f - 150, 0 = 5*y - 4*f - 272. What is the remainder when 154 is divided by y?
50
What is the remainder when (42/8)/(72/768) is divided by 17?
5
Let h = 28 + -42. Suppose 5*b - 174 = 131. Let u = b + h. What is the remainder when u is divided by 25?
22
Let v(t) = 6*t + 206. What is the remainder when v(-9) is divided by 43?
23
Let k = 170 + -1. Let p = k + -95. Suppose 11*i + 0*i = 209. What is the remainder when p is divided by i?
17
Let x = -44 - -36. Let k = 37 + x. Calculate the remainder when k is divided by (-5)/(((-1)/2)/1).
9
Let j(h) = 2*h**3 - 8*h**2 - 27*h + 14. Let y be j(6). Suppose -16 = -u + 5*u. Calculate the remainder when 39 is divided by (-80)/u*(-2)/y.
9
Suppose -r + 131 = 3*a, 13*r - 14*r = 5*a - 219. What is the remainder when 2815 is divided by a?
43
Let l = -36 - -67. Let x = -22 + -12. Calculate the remainder when l is divided by ((-1)/(-2) + -1)/(x/1088).
15
Let k = 99 - 111. What is the remainder when 36*((-28)/k - 1) is divided by 9?
3
Let w(o) = -5*o**3 - o - 1. Let p be w(-1). Let r = 24 + -21. Suppose -y = -0*y + p*g - 84, -322 = -r*y - g. What is the remainder when y is divided by 28?
25
Let o(c) = -c**2 - 13*c - 18. Calculate the remainder when (1/(-2))/((-1)/122) is divided by o(-8).
17
Suppose 2*g - 4*g = -12. Let l = 6 - -12. What is the remainder when 194/l + 16/72 is divided by g?
5
What is the remainder when (-102)/(-4) - 42/(-28) is divided by 64/10 + 2/(-5)?
3
What is the remainder when 9/(-2*2/(-8)) is divided by (-3)/9 + (-44)/(-6)?
4
Suppose -11*h + 1248 = -743. Calculate the remainder when h is divided by 23.
20
Let k(v) = 15*v**2 - v. Let x be 1 + 5/((-15)/(-12)). Suppose 0 = -x*d - 4*h - 18, -d - 4 = 3*h - 2*h. Calculate the remainder when k(d) is divided by 32.
30
Let z = 135 - 59. Let b = z - 62. Calculate the remainder when 25 is divided by b.
11
Let x(j) = -9 - 9 + 0*j - 13*j**2 - j**2 - 16*j - j**3. Let r be x(-13). Let v = -15 + r. Calculate the remainder when 22 is divided by v.
4
Suppose 5 = 5*t + 4*b + 2, b + 18 = 5*t. Calculate the remainder when 3 is divided by t.
0
Suppose 7 - 163 = -4*h. Suppose -6*l - 3*n + 59 = -2*l, -3*n = -3*l + h. Let z = 72 - 3. Calculate the remainder when z is divided by l.
13
Suppose 2*w - 137 - 357 = 0. Calculate the remainder when w is divided by 24.
7
Suppose 2*z + 3*z = -5*v + 15, 2*z = -2. Let n = 9 - v. Suppose -5*j = -n*g + 145, -42 = -5*g + 4*j + 102. What is the remainder when g is divided by 15?
13
Let w be 56/2 + (-2)/(-2). Suppose n - 55 = w. What is the remainder when n is divided by ((-1233)/274*8/6)/(9/(-33))?
18
Suppose 5*r = 17 + 3. Suppose v - 145 = -4*k, -r*k + 108 = 4*v - 40. What is the remainder when 69 is divided by k?
33
What is the remainder when -1 - (3/(-2) + 51240/(-80)) is divided by 28?
25
Suppose 3*a + 0*a - 33 = 0. Let g = -98 - -157. Let u = -42 + g. What is the remainder when u is divided by a?
6
Let d = 93 + -60. Suppose l = 5, l = -5*w - 2*l + 155. Let y = d - w. What is the remainder when 19 is divided by y?
4
What is the remainder when (-486)/(-18) - (2 - 6) is divided by 7?
3
Let a = -279 + 526. Calculate the remainder when a is divided by 28.
23
Suppose 3*s - 37 = 3*m - 13, -5*s + 31 = -2*m. Suppose -s*o = 8 - 153. Suppose -8*v = -32 - 48. What is the remainder when o is divided by v?
9
Let s(q) = -q**3 - 5*q**2 - 13. Calculate the remainder when 47 is divided by s(-6).
1
Let s be (-10)/3*(-15)/10. Suppose s*m = -38 + 8. What is the remainder when ((-6)/m)/((-2)/(-156)) is divided by 20?
18
Let b(c) = -4*c + 7. Suppose n + 0*n + 3 = 0. Calculate the remainder when 170 is divided by b(n).
18
Let a be 1/(-6) - (-103)/6. Suppose -53 + a = -3*t. Suppose -90 = 5*b - 7*b. What is the remainder when b is divided by t?
9
Suppose -8*k - 520 = -13*k. Suppose k = 4*p - 2*p. Calculate the remainder when p is divided by 14.
10
Let m = 58 + -5. Suppose 0 = -5*t + 5*b + 90, 0 = 30*t - 23*t - b - 126. What is the remainder when m is divided by t?
17
Let q(c) = c**2 - c + 7. Let m = -183 + 254. What is the remainder when m is divided by q(-5)?
34
Suppose 4*q = -o + 11, -q + 4*q = -2*o + 12. Suppose -54 = o*f - 5*f. What is the remainder when 78 is divided by f?
24
Suppose 2*m = 5*m + 1287. Calculate the remainder when 3/((-9)/m)*(-4)/(-4) is divided by 16.
15
Let g(s) = -1 + 2 + 6*s + 5*s - 7*s. Calculate the remainder when g(9) is divided by 13.
11
Let l(q) = q**2 + 14*q. Let c be l(-14). Let o = 7 - c. Let s = -38 + 64. What is the remainder when s is divided by o?
5
Let z = 133 - 113. Calculate the remainder when 88 is divided by z.
8
Let y(g) = 6*g**2 - 5*g. Let n(c) = -c**2 - 8*c + 5. What is the remainder when y(-2) is divided by n(-5)?
14
Let z = -38 - -55. Suppose -24 = z*c - 20*c. Calculate the remainder when 28 is divided by (6/c)/(3/20).
3
Let v(y) = y**2 + 2*y + 3. Let o be v(-5). Let k = 11 + o. Let m = -10 - -20. Calculate the remainder when k is divided by m.
9
Suppose -s - 35 = -2*s - 3*i, s = 4*i. Suppose -5*d = -5*z + 35, -4*z + 27*d + 21 = 30*d. Calculate the remainder when s is divided by z.
2
Suppose 2*f - 9 = 3*r + 19, -5*r - 32 = 4*f. Let t be ((-2)/6)/(r/240). Let o = t + -7. Calculate the remainder when 6 is divided by o.
0
Let s = -238 + 256. What is the remainder when 69 is divided by s?
15
Calculate the remainder when 12/(-21) - 1155/(-49) is divided by 19.
4
Suppose -4*t = -3*d - 87, -5*d = -2*d - 9. What is the remainder when 189 is divided by t?
21
Suppose c + 3*s - 9 = 0, -2*s = s - 9. Suppose -4*n = -m - m + 306, c = 5*n + 10. What is the remainder when m is divided by 15?
14
Suppose -2*x = 3 - 13. Suppose 0 = 2*c + 4*b + 8, 4*c + 3*b - 10 = -1. Suppose -c*o + 36 = -2*o. Calculate the remainder when o is divided by x.
4
Suppose 5*r - 2*c - 163 - 17 = 0, 0 = -2*r - 3*c + 72. Let l = r - 27. What is the remainder when 16 is divided by l?
7
Let b = -81 + 141. Suppose -3*g - 6 = -b. Calculate the remainder when g is divided by 7.
4
Suppose -3*f - 6*f = -369. Let s = -31 + f. Let y(j) = 2*j + 2. What is the remainder when y(7) is divided by s?
6
Suppose 2*v + 1 = 3*v, 0 = -5*h - 4*v + 49. Suppose -2*u - 84 = -h*u. What is the remainder when u is divided by 8?
4
Let b = 7 + -3. Suppose -o + 45 = b*o. What is the remainder when 16 is divided by o?
7
Suppose 0 = -5*a + 2*a - 2*n + 22, -5*a = -4*n - 44. Calculate the remainder when 13 is divided by a.
5
Let r = 220 + -181. What is the remainder when 153 is divided by r?
36
Suppose -3*n + 54 + 9 = 0. Suppose -u = -5*d - 320, -170 = -u - 5*d + 130. Suppose 3*s = -2*s + u. What is the remainder when s is divided by n?
20
Let j(i) = 4*i**3 - 2*i**2 - 4*i - 15. Calculate the remainder when j(4) is divided by 66.
61
Suppose 93 = -10*b + 13*b. What is the remainder when 275 + -1 + 1 + 3 is divided by b?
30
Calculate the remainder when (130/(-1))/(14 - 15) is divided by 66.
64
Suppose 0 = 10*r - 2881 + 1341. What is the remainder when r is divided by 23?
16